hat are the prime factors of 453622205?
5, 29, 1039, 3011
What are the prime factors of 30248493?
3, 11, 916621
List the prime factors of 17831478.
2, 3, 7, 424559
What are the prime factors of 85325022?
2, 3, 47, 33619
What are the prime factors of 14975383?
14975383
List the prime factors of 762806601.
3, 199, 425911
List the prime factors of 2510062625.
5, 7, 137, 20939
What are the prime factors of 339513586?
2, 5003, 33931
List the prime factors of 2073070722.
2, 3, 3761, 91867
List the prime factors of 565377791.
11, 131, 392351
What are the prime factors of 382105424?
2, 23881589
What are the prime factors of 270279307?
270279307
List the prime factors of 211011508.
2, 52752877
List the prime factors of 1065990949.
1065990949
What are the prime factors of 437784249?
3, 7, 20846869
What are the prime factors of 27225644?
2, 6806411
List the prime factors of 148258524.
2, 3, 2423, 5099
List the prime factors of 277052179.
17, 61, 267167
List the prime factors of 20706106.
2, 10353053
List the prime factors of 1214125715.
5, 11, 127, 173819
What are the prime factors of 1119117854?
2, 17, 23, 1431097
What are the prime factors of 48967419?
3, 67, 179, 1361
What are the prime factors of 60513974?
2, 19, 277, 5749
List the prime factors of 3775759842.
2, 3, 629293307
What are the prime factors of 22747377?
3, 17, 251, 1777
What are the prime factors of 50416840?
2, 5, 271, 4651
What are the prime factors of 603679582?
2, 11, 2459, 11159
What are the prime factors of 445699711?
445699711
List the prime factors of 213577840.
2, 5, 7, 381389
What are the prime factors of 860071310?
2, 5, 7, 17, 722749
What are the prime factors of 4107708910?
2, 5, 10331, 39761
List the prime factors of 142034261.
107, 131, 10133
List the prime factors of 346972515.
3, 5, 491, 47111
List the prime factors of 926927321.
167, 5550463
List the prime factors of 243394217.
11, 22126747
List the prime factors of 4433934845.
5, 29, 101, 277, 1093
List the prime factors of 168441540.
2, 3, 5, 107, 26237
What are the prime factors of 29376936?
2, 3, 241, 1693
List the prime factors of 87731426.
2, 31, 1415023
What are the prime factors of 27097344?
2, 3, 19, 619
What are the prime factors of 326595953?
71, 83, 157, 353
List the prime factors of 2445227588.
2, 6703, 91199
List the prime factors of 84918422.
2, 42459211
What are the prime factors of 1709124143?
1709124143
List the prime factors of 100142295.
3, 5, 11, 41, 113, 131
What are the prime factors of 67541484?
2, 3, 5628457
List the prime factors of 924665191.
19, 67, 726367
What are the prime factors of 10096332?
2, 3, 41, 20521
List the prime factors of 1888655749.
17, 31, 210811
What are the prime factors of 341527021?
11, 1019, 30469
What are the prime factors of 434382321?
3, 443, 461, 709
What are the prime factors of 1885792717?
107, 353, 49927
List the prime factors of 2007429230.
2, 5, 19, 10565417
What are the prime factors of 2266182517?
43, 52701919
List the prime factors of 682383754.
2, 13, 26245529
What are the prime factors of 86096568?
2, 3, 17, 12413
What are the prime factors of 30553225?
5, 1222129
What are the prime factors of 32951032?
2, 17, 73, 3319
List the prime factors of 105229627.
59, 1783553
What are the prime factors of 158762304?
2, 3, 101, 2729
What are the prime factors of 4170956360?
2, 5, 67, 1556327
List the prime factors of 839109226.
2, 4903, 85571
What are the prime factors of 968501506?
2, 7, 6301, 10979
List the prime factors of 220582381.
19, 29, 400331
List the prime factors of 115538872.
2, 463, 31193
List the prime factors of 45802639.
223, 293, 701
What are the prime factors of 3633495517?
131, 27736607
What are the prime factors of 924449960?
2, 5, 7, 41, 80527
List the prime factors of 212106225.
3, 5, 2828083
What are the prime factors of 347475924?
2, 3, 223, 43283
What are the prime factors of 53402588?
2, 53, 109, 2311
List the prime factors of 129958874.
2, 37, 229, 7669
What are the prime factors of 513278020?
2, 5, 25663901
List the prime factors of 105505529.
397, 265757
What are the prime factors of 48647963?
7, 13, 67, 79, 101
What are the prime factors of 666926414?
2, 7, 11, 83, 52177
List the prime factors of 721952543.
13, 23, 2414557
What are the prime factors of 144802245?
3, 5, 7, 1379069
List the prime factors of 4584369727.
7, 337, 1943353
List the prime factors of 1990950046.
2, 995475023
List the prime factors of 1848198459.
3, 6547, 94099
What are the prime factors of 632188973?
13, 48629921
What are the prime factors of 1204675339?
7, 229, 313
What are the prime factors of 107643201?
3, 17, 379, 5569
List the prime factors of 37886562.
2, 3, 7, 73, 1373
List the prime factors of 182614086.
2, 3, 59, 373, 461
What are the prime factors of 6101345697?
3, 887, 2292877
List the prime factors of 156880486.
2, 7, 1847, 6067
List the prime factors of 662236446.
2, 3, 31, 3560411
What are the prime factors of 112247248?
2, 859, 8167
List the prime factors of 1303913641.
1279, 1019479
List the prime factors of 2242725487.
83, 643, 42023
What are the prime factors of 268063378?
2, 11, 17, 716747
What are the prime factors of 98503483?
13, 71, 106721
List the prime factors of 26134046.
2, 29, 450587
What are the prime factors of 92492307?
3, 3425641
List the prime factors of 1565177548.
2, 11, 35572217
List the prime factors of 623098390.
2, 5, 62309839
What are the prime factors of 55648692?
2, 3, 11, 140527
What are the prime factors of 262875396?
2, 3, 7, 447067
List the prime factors of 2334889913.
2579, 905347
What are the prime factors of 437702939?
437702939
What are the prime factors of 112439939?
23, 4888693
List the prime factors of 48659336.
2, 11, 31, 17837
What are the prime factors of 21793217?
31, 43, 16349
What are the prime factors of 15985783?
11, 19, 76487
What are the prime factors of 1058648990?
2, 5, 7, 17, 131, 6791
What are the prime factors of 8874704?
2, 554669
List the prime factors of 270203622.
2, 3, 13, 439, 607
What are the prime factors of 41275800?
2, 3, 5, 23, 997
List the prime factors of 46356248.
2, 379, 15289
List the prime factors of 3319423651.
3319423651
What are the prime factors of 512668471?
7, 73238353
List the prime factors of 75202802.
2, 4943, 7607
What are the prime factors of 4598810942?
2, 11, 257, 73943
What are the prime factors of 3710140284?
2, 3, 309178357
List the prime factors of 120119736.
2, 3, 11, 61, 7459
What are the prime factors of 3855226740?
2, 3, 5, 64253779
List the prime factors of 191277321.
3, 63759107
List the prime factors of 1589605646.
2, 22501, 35323
What are the prime factors of 353660150?
2, 5, 7073203
List the prime factors of 95699661.
3, 47, 678721
What are the prime factors of 1305229609?
3229, 404221
What are the prime factors of 33050987?
33050987
What are the prime factors of 2257144413?
3, 83, 9064837
List the prime factors of 1780756640.
2, 5, 13, 856133
What are the prime factors of 511864114?
2, 5087, 50311
List the prime factors of 18731914.
2, 2221, 4217
List the prime factors of 7491068.
2, 13, 71, 2029
List the prime factors of 3304574.
2, 7, 13, 67, 271
List the prime factors of 553160924.
2, 2557, 54083
What are the prime factors of 20073142?
2, 10036571
List the prime factors of 86242296.
2, 3, 7, 513347
List the prime factors of 380144175.
3, 5, 137, 36997
List the prime factors of 402750277.
19, 193, 109831
What are the prime factors of 162532753?
162532753
What are the prime factors of 56269151?
269, 209179
List the prime factors of 660977748.
2, 3, 17, 1080029
List the prime factors of 2943113607.
3, 7, 37, 180371
List the prime factors of 1904497810.
2, 5, 47, 103, 39341
What are the prime factors of 556644900?
2, 3, 5, 7, 19, 1993
What are the prime factors of 202178401?
29, 6971669
List the prime factors of 2605333170.
2, 3, 5, 11, 37, 379, 563
What are the prime factors of 33927519?
3, 11309173
List the prime factors of 6874916.
2, 59, 29131
What are the prime factors of 212602010?
2, 5, 83, 256147
List the prime factors of 1193476372.
2, 11, 27124463
What are the prime factors of 30758264?
2, 19, 202357
List the prime factors of 3013386972.
2, 3, 193, 647, 2011
List the prime factors of 8008514.
2, 97, 41281
List the prime factors of 160162487